{"id":75,"date":"2017-05-12T15:00:31","date_gmt":"2017-05-12T13:00:31","guid":{"rendered":"http:\/\/zeitlos-detmold.de\/cms\/?page_id=75"},"modified":"2025-09-13T19:35:36","modified_gmt":"2025-09-13T17:35:36","slug":"oeffnungszeiten-preise","status":"publish","type":"page","link":"https:\/\/zeitlos-detmold.de\/cms\/oeffnungszeiten-preise\/","title":{"rendered":"\u00f6ffnungszeiten &#038; preise"},"content":{"rendered":"<p>[et_pb_section fb_built=&#8220;1&#8243; admin_label=&#8220;section&#8220; _builder_version=&#8220;4.16&#8243; global_colors_info=&#8220;{}&#8220;][et_pb_row _builder_version=&#8220;4.16&#8243; background_size=&#8220;initial&#8220; background_position=&#8220;top_left&#8220; background_repeat=&#8220;repeat&#8220; custom_padding=&#8220;60px|0px|25px|0px&#8220; global_colors_info=&#8220;{}&#8220;][et_pb_column type=&#8220;4_4&#8243; _builder_version=&#8220;4.16&#8243; custom_padding=&#8220;|||&#8220; global_colors_info=&#8220;{}&#8220; custom_padding__hover=&#8220;|||&#8220;][et_pb_text _builder_version=&#8220;4.27.4&#8243; _module_preset=&#8220;default&#8220; background_color=&#8220;#666666&#8243; text_text_color=&#8220;#FFFFFF&#8220; header_2_text_color=&#8220;#FFFFFF&#8220; header_2_text_align=&#8220;center&#8220; custom_padding=&#8220;30px|30px|20px|30px|false|false&#8220; hover_enabled=&#8220;0&#8243; sticky_enabled=&#8220;0&#8243; text_orientation=&#8220;center&#8220; text_font_size=&#8220;20px&#8220;]<\/p>\n<h2>Individuelle \u00d6ffnungszeiten<\/h2>\n<p><span>mit ganz viel Herz<\/span>[\/et_pb_text][et_pb_text _builder_version=&#8220;4.27.4&#8243; _module_preset=&#8220;default&#8220; background_color=&#8220;#89C2EB&#8220; text_font_size=&#8220;22px&#8220; text_text_color=&#8220;#FFFFFF&#8220; text_font=&#8220;|600|||||||&#8220; custom_padding=&#8220;30px|30px|30px|30px|false|false&#8220; header_font=&#8220;||||||||&#8220; header_2_font=&#8220;|600|||||||&#8220; header_2_text_align=&#8220;center&#8220; hover_enabled=&#8220;0&#8243; sticky_enabled=&#8220;0&#8243;]Da sich mein Atelier in meinem Wohnhaus befindet, bin ich in meinen Zeiten sehr flexibel. Ich arbeite nicht nach klassischen \u00d6ffnungszeiten wie \u201e8 bis 17 Uhr\u201c, sondern biete euch Termine so an, wie sie am besten zu eurem Alltag passen.<\/p>\n<p>F\u00fcr Familien mit weiterer Anreise (ab ca. 100\u2013200 km) biete ich gerne auch Termine am Samstag oder Sonntag an. Alle Termine finden nach Vereinbarung statt \u2013 verbindlich, zuverl\u00e4ssig und entspannt.<\/p>\n<p>Ich plane f\u00fcr jede Familie immer 45 Minuten ein, damit genug Zeit zum Ankommen, Stillen oder Wickeln ist. So entsteht kein Stress \u2013 und euer Kind steht bei mir im Mittelpunkt. Die eigentliche Abformung dauert nur wenige Minuten, aber der Raum davor und danach geh\u00f6rt ganz euch.<\/p>\n<dl style=\"margin-top:30px; background-color:white; color:#666666; padding:30px;\">\n<dt style=\"width:40px; float:left;\">\ud83d\udcde<\/dt>\n<dd style=\"margin-left:40px;\">F\u00fcr eine Terminvereinbarung ruft mich gerne an oder schickt mir eure Terminw\u00fcnsche \u2013 ich melde mich schnellstm\u00f6glich zur\u00fcck.<\/dd>\n<\/dl>\n<p>[\/et_pb_text][et_pb_text _builder_version=&#8220;4.27.4&#8243; _module_preset=&#8220;default&#8220; background_color=&#8220;#666666&#8243; text_text_color=&#8220;#FFFFFF&#8220; header_2_text_color=&#8220;#FFFFFF&#8220; header_2_text_align=&#8220;center&#8220; custom_padding=&#8220;30px|30px|20px|30px|false|false&#8220; hover_enabled=&#8220;0&#8243; sticky_enabled=&#8220;0&#8243;]<\/p>\n<h2>Termin<\/h2>\n<p>[\/et_pb_text][et_pb_text _builder_version=&#8220;4.27.4&#8243; _module_preset=&#8220;default&#8220; background_color=&#8220;#89C2EB&#8220; text_font_size=&#8220;22px&#8220; text_text_color=&#8220;#FFFFFF&#8220; text_font=&#8220;|600|||||||&#8220; custom_padding=&#8220;30px|30px|30px|30px|false|false&#8220; header_font=&#8220;||||||||&#8220; header_2_font=&#8220;|600|||||||&#8220; header_2_text_align=&#8220;center&#8220; hover_enabled=&#8220;0&#8243; sticky_enabled=&#8220;0&#8243;]<\/p>\n<dl>\n<dt style=\"width:40px; float:left;\">\ud83d\udcac<\/dt>\n<dd style=\"margin-left:40px;\">Wie kann ich einen Termin machen?<\/dd>\n<dt style=\"width:40px; float:left;\">\u2b95<\/dt>\n<dd style=\"margin-left:40px;\">Einfach anrufen oder mir deine Terminw\u00fcnsche per Nachricht senden.<\/dd>\n<\/dl>\n<dl>\n<dt style=\"width:40px; float:left;\">\ud83d\udd52<\/dt>\n<dd style=\"margin-left:40px;\">Wie lange dauert der Termin?<\/dd>\n<dt style=\"width:40px; float:left;\">\u2b95<\/dt>\n<dd style=\"margin-left:40px;\">Ich plane 45 Minuten ein, damit ihr in Ruhe ankommen k\u00f6nnt. Die Abdrucknahme selbst dauert nur 5 Minuten.<\/dd>\n<\/dl>\n<dl>\n<dt style=\"width:40px; float:left;\">\ud83c\udfa8<\/dt>\n<dd style=\"margin-left:40px;\">Wann ist das Bild fertig?<\/dd>\n<dt style=\"width:40px; float:left;\">\u2b95<\/dt>\n<dd style=\"margin-left:40px;\">Nach ca. 1 Woche \u2013 dann k\u00f6nnt ihr es pers\u00f6nlich abholen. Auch Oma, Opa oder Freunde d\u00fcrfen es mitnehmen. Zur Not verschicke ich es \u2013 aber ohne Garantie, dass die Post es heil l\u00e4sst.<\/dd>\n<\/dl>\n<dl>\n<dt style=\"width:40px; float:left;\">\ud83d\ude97<\/dt>\n<dd style=\"margin-left:40px;\">Wo kann ich parken?<\/dd>\n<dt style=\"width:40px; float:left;\">\u2b95<\/dt>\n<dd style=\"margin-left:40px;\">Direkt am Haus im Hof (4 Pl\u00e4tze) oder gegen\u00fcber auf der Stra\u00dfe. Nur ein paar Schritte bis ins Atelier.<\/dd>\n<\/dl>\n<p>[\/et_pb_text][\/et_pb_column][\/et_pb_row][et_pb_row _builder_version=&#8220;4.16&#8243; background_size=&#8220;initial&#8220; background_position=&#8220;top_left&#8220; background_repeat=&#8220;repeat&#8220; custom_padding=&#8220;60px|0px|25px|0px&#8220; global_colors_info=&#8220;{}&#8220;][et_pb_column type=&#8220;4_4&#8243; _builder_version=&#8220;4.16&#8243; custom_padding=&#8220;|||&#8220; global_colors_info=&#8220;{}&#8220; custom_padding__hover=&#8220;|||&#8220;][et_pb_text _builder_version=&#8220;4.27.4&#8243; _module_preset=&#8220;default&#8220; background_color=&#8220;#666666&#8243; text_text_color=&#8220;#FFFFFF&#8220; header_2_text_color=&#8220;#FFFFFF&#8220; header_2_text_align=&#8220;center&#8220; custom_padding=&#8220;30px|30px|20px|30px|false|false&#8220; hover_enabled=&#8220;0&#8243; sticky_enabled=&#8220;0&#8243;]<\/p>\n<h2>Preise<\/h2>\n<p>[\/et_pb_text][et_pb_text _builder_version=&#8220;4.27.4&#8243; _module_preset=&#8220;default&#8220; background_color=&#8220;#89C2EB&#8220; text_font_size=&#8220;22px&#8220; text_text_color=&#8220;#FFFFFF&#8220; text_font=&#8220;|600|||||||&#8220; custom_padding=&#8220;30px|10px|10px|10px|false|false&#8220; header_font=&#8220;||||||||&#8220; header_2_font=&#8220;|600|||||||&#8220; header_2_text_align=&#8220;center&#8220; hover_enabled=&#8220;0&#8243; sticky_enabled=&#8220;0&#8243;]<\/p>\n<table style=\"border-collapse:collapse; width:100%; border:none;\">\n<tbody>\n<tr>\n<td>Bild mit beiden F\u00fc\u00dfchen (inkl. Acrylrahmen 25\u00d725 cm) \u2013 Classic<\/td>\n<td style=\"text-align:right; white-space: nowrap;\">95 \u20ac<\/td>\n<\/tr>\n<tr>\n<td>Bild mit einem Fu\u00df (inkl. Acrylrahmen 25\u00d725 cm)<\/td>\n<td style=\"text-align:right; white-space: nowrap;\">69 \u20ac<\/td>\n<\/tr>\n<tr>\n<td>Bild mit einer Hand (inkl. Acrylrahmen 25\u00d725 cm)<\/td>\n<td style=\"text-align:right; white-space: nowrap;\">79 \u20ac<\/td>\n<\/tr>\n<tr>\n<td>Hundepfote (inkl. Acrylrahmen 25\u00d725 cm)<\/td>\n<td style=\"text-align:right; white-space: nowrap;\">79 \u20ac<\/td>\n<\/tr>\n<tr>\n<td>Hand und Fu\u00df in einem Rahmen (25\u00d725 cm)<\/td>\n<td style=\"text-align:right; white-space: nowrap;\">143 \u20ac<\/td>\n<\/tr>\n<tr>\n<td>Geschwisterbilder: 1 gro\u00dfer + 1 kleiner Fu\u00df, Rahmen 35\u00d735 cm<\/td>\n<td style=\"text-align:right; white-space: nowrap;\">138 \u20ac<\/td>\n<\/tr>\n<tr>\n<td>Geschwisterbilder: 1 gro\u00dfer + 1 kleiner Fu\u00df, Rahmen 50\u00d750 cm<\/td>\n<td style=\"text-align:right; white-space: nowrap;\">150 \u20ac<\/td>\n<\/tr>\n<tr>\n<td>Geschwisterbilder: jedes weitere Kind<\/td>\n<td style=\"text-align:right; white-space: nowrap;\">40 \u20ac<\/td>\n<\/tr>\n<tr>\n<td>Geschenk Paket: \u201eClassic\u201c + zwei Einzelf\u00fc\u00dfchen (statt 233 \u20ac)<\/td>\n<td style=\"text-align:right; white-space: nowrap;\">223 \u20ac<\/td>\n<\/tr>\n<tr>\n<td>Option: statt F\u00fc\u00dfchen auch H\u00e4ndchen (Zuschlag pro Hand)<\/td>\n<td style=\"text-align:right; white-space: nowrap;\">+10 \u20ac<\/td>\n<\/tr>\n<\/tbody>\n<\/table>\n<p>[\/et_pb_text][\/et_pb_column][\/et_pb_row][\/et_pb_section][et_pb_section fb_built=&#8220;1&#8243; fullwidth=&#8220;on&#8220; admin_label=&#8220;section&#8220; _builder_version=&#8220;4.16&#8243; global_colors_info=&#8220;{}&#8220;][\/et_pb_section]<\/p>\n","protected":false},"excerpt":{"rendered":"<p>Individuelle \u00d6ffnungszeiten mit ganz viel HerzDa sich mein Atelier in meinem Wohnhaus befindet, bin ich in meinen Zeiten sehr flexibel. Ich arbeite nicht nach klassischen \u00d6ffnungszeiten wie \u201e8 bis 17 Uhr\u201c, sondern biete euch Termine so an, wie sie am besten zu eurem Alltag passen. F\u00fcr Familien mit weiterer Anreise (ab ca. 100\u2013200 km) biete [&hellip;]<\/p>\n","protected":false},"author":1,"featured_media":0,"parent":0,"menu_order":0,"comment_status":"closed","ping_status":"closed","template":"","meta":{"_et_pb_use_builder":"on","_et_pb_old_content":"<p>[et_pb_section bb_built=\"1\" admin_label=\"section\" fullwidth=\"on\" specialty=\"off\"][et_pb_fullwidth_map admin_label=\"Fullwidth Map\" zoom_level=\"9\" address_lat=\"37.77492949999972\" address_lng=\"-122.41941550000001\"]<\/p><p>[et_pb_map_pin title=\"Headquarters\" pin_address=\"San Francisco, CA, USA\" pin_address_lat=\"37.7749295\" pin_address_lng=\"-122.41941550000001\" \/]<\/p><p>[\/et_pb_fullwidth_map][\/et_pb_section][et_pb_section bb_built=\"1\" admin_label=\"section\" fullwidth=\"off\"][et_pb_row admin_label=\"row\"][et_pb_column type=\"2_3\"][et_pb_contact_form admin_label=\"Contact Form\" captcha=\"off\" title=\"Get In Touch\" \/][\/et_pb_column][et_pb_column type=\"1_3\"][\/et_pb_column][\/et_pb_row][\/et_pb_section]<\/p>","_et_gb_content_width":"","footnotes":""},"class_list":["post-75","page","type-page","status-publish","hentry"],"_links":{"self":[{"href":"https:\/\/zeitlos-detmold.de\/cms\/wp-json\/wp\/v2\/pages\/75","targetHints":{"allow":["GET"]}}],"collection":[{"href":"https:\/\/zeitlos-detmold.de\/cms\/wp-json\/wp\/v2\/pages"}],"about":[{"href":"https:\/\/zeitlos-detmold.de\/cms\/wp-json\/wp\/v2\/types\/page"}],"author":[{"embeddable":true,"href":"https:\/\/zeitlos-detmold.de\/cms\/wp-json\/wp\/v2\/users\/1"}],"replies":[{"embeddable":true,"href":"https:\/\/zeitlos-detmold.de\/cms\/wp-json\/wp\/v2\/comments?post=75"}],"version-history":[{"count":104,"href":"https:\/\/zeitlos-detmold.de\/cms\/wp-json\/wp\/v2\/pages\/75\/revisions"}],"predecessor-version":[{"id":1378,"href":"https:\/\/zeitlos-detmold.de\/cms\/wp-json\/wp\/v2\/pages\/75\/revisions\/1378"}],"wp:attachment":[{"href":"https:\/\/zeitlos-detmold.de\/cms\/wp-json\/wp\/v2\/media?parent=75"}],"curies":[{"name":"wp","href":"https:\/\/api.w.org\/{rel}","templated":true}]}}